h).
3, 17
Let k(o) = -28*o**2 - 8*o + 21. Let q be k(7). Let f = q + 1991. What are the prime factors of f?
2, 73
Suppose 37*w = -52*w + 31*w + 24360. What are the prime factors of w?
2, 3, 5, 7
Let i(k) = 53 - 44 - 121 + 464*k + 227*k. List the prime factors of i(3).
37, 53
Let m(o) = -8*o**3 - 19*o**2 - 20*o - 139. List the prime factors of m(-9).
2, 11, 197
Let z be (30608/(-4))/(-2) + -1. Let m = z - 7170. What are the prime factors of m/(-90) + 1/(-6)?
37
Let y(x) = 87*x + 10. Suppose 0 = -4*q - 15 + 23. Suppose 2*b - v - 3 = 0, -3*v - 1 - q = -3*b. List the prime factors of y(b).
2, 23
Let q = 259 - 243. List the prime factors of (1/5)/(q/41360).
11, 47
Let g(h) = 2*h**2 - h - 1. Let z(r) = -4*r**2 + 79*r + 43. Let f(j) = -3*g(j) - z(j). List the prime factors of f(-35).
2, 5, 17
Let j be ((-6)/5)/(16/(-1560)). Let p be 2 - (-2)/1 - j. Let r = -101 - p. What are the prime factors of r?
2, 3
Let i(y) = 7*y - 17. Let d be i(3). Suppose d*v = 2*v + 344. Let x = -63 + v. What are the prime factors of x?
109
Let s be (-30)/5 - (-3 - 3). Suppose s*n = 3*n - 5*m - 1998, 0 = -3*n + 2*m + 2007. What are the prime factors of n?
11, 61
Suppose -6*a - 18 + 6 = 0. What are the prime factors of (3 - (2 + a))/(9/717)?
239
Let c = 97040 + -63010. What are the prime factors of c?
2, 5, 41, 83
Let r(i) = -14*i - 2. Let v(d) = -2*d**2 + 14*d - 9. Let y be v(6). Let l(k) = -29*k - 5. Let j(n) = y*l(n) - 7*r(n). What are the prime factors of j(4)?
43
Suppose -2*n - 5*a = -3097, -15*n + 6199 = -11*n + 5*a. Suppose 10*y - 2*p = 6*y + 1530, -5*p + n = 4*y. List the prime factors of y.
2, 3
Let a(x) = -x**3 - 7*x**2 - x + 17. Let g be a(9). Let k = g - -3059. What are the prime factors of k?
7, 11, 23
Let b(a) = -5*a**3 - 61*a**2 + 89*a - 17. What are the prime factors of b(-16)?
3, 7, 163
Suppose 5*t - 8*t - 7 = o, -4*o - 2*t = 28. Let k(s) = 12*s**2 + 19*s - 10. List the prime factors of k(o).
5, 89
Let s be (20/15)/(10/(-45)). Let f be (-2)/s*(54 + -3). Suppose -f*c - 890 = -22*c. What are the prime factors of c?
2, 89
Let k(i) = 286*i**2 + 453*i - 6831. List the prime factors of k(14).
181, 307
Suppose u - 236 = 4*o, u - 5*u + 16 = 0. Let q = o + -11. Let n = 8 - q. List the prime factors of n.
7, 11
Let d(u) = 5*u**2 - 53*u - 253. List the prime factors of d(50).
3, 7, 457
Suppose -241*p + 292*p = 546165 + 203484. What are the prime factors of p?
14699
Suppose -5*h - 3 = 4*i, i = -4*h - i - 6. Let t be h/((-4 - -3)/(-7)). Let n(g) = -g**3 - 21*g**2 - g + 31. List the prime factors of n(t).
2, 13
Let q be 8/(-14)*847/(-22). Suppose 21*r - q*r + 876 = 3*i, -5*i + 2632 = 3*r. What are the prime factors of r?
3, 293
Suppose -21*d + 16*d = 50. Let l = d - -10. Suppose -2*a - 2*q + 138 = 0, l*a + 5*q - 123 = -2*a. What are the prime factors of a?
2, 37
Suppose 11*k + 7538 = 3*s + 15*k, s - 2516 = -2*k. What are the prime factors of s?
2, 7, 179
Let o be 16/(24/6) + -1 + -2. Suppose -3*b + 19 - o = 0. Suppose -b*k + 520 = 7*k. List the prime factors of k.
2, 5
List the prime factors of (59*-8)/(145/(-435)).
2, 3, 59
Suppose 10 = 7*l - 25. Suppose d = 2*d + 5*i - 274, 0 = -l*d - i + 1370. Let k = -181 + d. List the prime factors of k.
3, 31
Suppose -2*q = -2*t + 12250, -7*t = -3*q - 34742 - 8101. What are the prime factors of t?
3, 2039
Let u(y) = 117*y**3 + 2*y**2 - y - 71. List the prime factors of u(7).
40151
Let o = -1155 - -455. Let f = o + 1553. What are the prime factors of f?
853
Suppose -3*l - 4*r + 32725 = 0, 8*r - 54563 = -5*l + 12*r. What are the prime factors of l?
3, 3637
Suppose 0 = 185*m - 196*m. Suppose 0*z - 1905 = -3*z - x, m = z + x - 635. What are the prime factors of z?
5, 127
Let x(r) = -r**3 - 8*r**2 + 2*r - 71. Let i be x(-9). List the prime factors of (-4)/i*0/(-2) + 184.
2, 23
Let n be 0 - 2/(-2) - -2. Suppose a - 4*d + 1 = -5*d, -a - 3*d = n. Suppose 284 = 4*q - a*q. List the prime factors of q.
71
Let j be (-5)/(-1)*24/15. Suppose 1503 = 4*m - p, -4*p + j*p = 3*m - 1137. List the prime factors of m.
3, 5
List the prime factors of (-6)/4 - 10*30/40*-7243.
3, 19, 953
Let o = -21127 - -32199. Suppose o = -21*f + 29*f. List the prime factors of f.
2, 173
Let t = -1326 - -3798. Suppose 0 = 3*w - 3*x - t, x + 4148 = 5*w + 3*x. List the prime factors of w.
2, 3, 23
Let a = 110 + -214. Let p = -13 - a. List the prime factors of p.
7, 13
Let n be 10/(-28)*4 - (-20)/(-35). Let q be ((-4 + n)*-1)/((-6)/(-4)). Suppose -a = -2*d + 133, 2*d - 47 = q*a + 77. List the prime factors of d.
2, 17
Suppose 48*d + 225*d - 66*d = 7669971. What are the prime factors of d?
3, 23, 179
Let w = 38 - 40. Let u be ((-2)/1 + 3)/(w/(-10)). Suppose -76 = -2*c - u*q, c - 33 = -2*q - 3*q. List the prime factors of c.
43
Let m(i) = 2*i**2 - i - 3. Let f be -4*1/(-12)*-15. Let b be m(f). Suppose -b*d = -56*d + 780. What are the prime factors of d?
3, 5, 13
Suppose 30*l - 4 = 26. What are the prime factors of -7 + ((-342)/(-2))/l?
2, 41
Suppose 4*h + 53 = 3*j, 3 = -h + 1. List the prime factors of (-16903)/j*-1 + 4/30.
7, 23
Let y = 780 + -745. Let j = -34 - -56. Suppose v - 2*m - y = j, v - 53 = -2*m. List the prime factors of v.
5, 11
Let i = 72 + -61. Suppose 0 = 3*d + 4*l - i, -3*d + l + 20 = -4*l. Suppose s = 4*k - 462 - 411, 3*k = d*s + 676. What are the prime factors of k?
7, 31
Let p be 46/4 + 1/2. Let f be (-10 + 44/4 - (-1 + -1)) + 10. Suppose f*s - 9*s = p. What are the prime factors of s?
3
Let x be 14/7 + 342/2. Let n = 414 - x. What are the prime factors of n?
241
Suppose -3*d + 20 = -5*d - 5*c, -2*c - 8 = 3*d. Suppose 39 + 29 = 17*g. Suppose 0 = -d*i - i + g, 0 = -h + 4*i + 33. What are the prime factors of h?
7
Suppose -4*r = 3*r + 868. Let k = r - -129. Suppose -2*y + k*p = 2*y - 41, 9 = 3*p. List the prime factors of y.
2, 7
Let x = -592 - -592. Suppose x = 3*b, -4632 = 8*r - 12*r + b. List the prime factors of r.
2, 3, 193
Suppose -118*w + 3*i + 24170 = -117*w, 5*i = -4*w + 96629. What are the prime factors of w?
37, 653
Let q(o) = o**2 + 12*o + 16. Let x be q(-11). List the prime factors of 1629/x - 24/30.
5, 13
Let u(t) = t**3 - 11*t**2 - 17*t - 13. Let k be u(15). Let m = k - 191. What are the prime factors of m?
3, 7
Let s(h) = h**2 - 16*h - 4492. List the prime factors of s(-78).
2, 5, 71
Suppose 0 = -2*r - 0*h - 2*h + 4, -h - 6 = -3*r. Let t(s) = 59*s**2 + 2*s - 1. Let n be t(r). Suppose -3*i = -160 - n. What are the prime factors of i?
7, 19
What are the prime factors of (-424908)/(-74) - (-2 + -10)/3?
2, 13, 17
Let n(a) = -67*a**2 + 16*a + 28. Let k be n(-2). Let p = 868 - k. What are the prime factors of p?
2, 3, 5, 19
Suppose -4*n + 204 = -2*v, 4*n - 96 = -27*v + 28*v. Let l = v - -157. List the prime factors of l.
7
Let p(l) = -6*l**2 + 25*l - 14 - 21*l + 1 + 38*l**2 - 2*l**3. Suppose 20 = -5*a, -8 = 3*r - 4*r - 2*a. List the prime factors of p(r).
3, 17
Suppose 2*q = -4*k + 14718, 1452 = -3*k - 3*q + 12495. Suppose 1956 = 18*c - k. What are the prime factors of c?
313
Suppose -18*i + 5428 = -818. Suppose -5*q - 1087 = -4*k, 3*k - 476 = -4*q + i. What are the prime factors of k?
3, 7, 13
Suppose -3*f + 12*d = -2*f - 6014, -5*d - 29905 = -5*f. What are the prime factors of f?
2, 7, 61
Let r(g) = -3*g**3 - 2*g**2 + 1. Let w be r(-1). Suppose w*k = -4*u + 12, k + 18 = 4*u + 6*k. What are the prime factors of (216/(-2))/(-5 + 4) + u?
2, 5, 11
Suppose -4*p = -2*b - 8678, -24*b = -p - 22*b + 2165. What are the prime factors of p?
13, 167
Let l = 96 - 85. List the prime factors of ((-11)/4)/(l/(-1804)).
11, 41
Suppose 0 = 17*z - 140970 + 8370. What are the prime factors of z?
2, 3, 5, 13
Let w be (-4)/(-132)*6 + (-8680)/(-55). Let k = w + 99. What are the prime factors of k?
257
Suppose 0 = 5*f + 5*h + 45, 7*h - 15 = 2*h. Let t be (20/15)/((-4)/f). Suppose t*s = 8, 2*s - 230 = -4*j - 3*s. List the prime factors of j.
5, 11
Suppose -7*l + 6774 = n, 5*l + 14*n = 9*n + 4830. List the prime factors of l.
2, 11
Let i = -639 + 641. Suppose -2*q - 5658 = -4*n, -2*q - i = -8. What are the prime factors of n?
2, 3, 59
Suppose -1002 = 2*f - 0*o - 4*o, -2*f - 1006 = -5*o. Suppose 5*s = -2676 + 936. Let x = s - f. List the prime factors of x.
5, 29
Let y = 354 + -357. What are the prime factors of (y + (-18)/(-12))*2 - -552?
3, 61
Let i = -20612 + 35909. Wha